{"id":3932,"date":"2020-08-18T18:34:03","date_gmt":"2020-08-18T17:34:03","guid":{"rendered":"https:\/\/martin-kuettner.de\/?page_id=3932"},"modified":"2021-09-30T08:18:07","modified_gmt":"2021-09-30T07:18:07","slug":"unterstuetzung","status":"publish","type":"page","link":"https:\/\/martin-kuettner.de\/?page_id=3932","title":{"rendered":"Unterst\u00fctzung"},"content":{"rendered":"<p>Falls mich jemand unterst\u00fctzen m\u00f6chte:<\/p>\n<p>Paypal:<\/p>\n<p>[wpedon id=&#8220;3933&#8243; align=&#8220;left&#8220;]<\/p>\n<p>&nbsp;<\/p>\n<p>&nbsp;<\/p>\n<p>&nbsp;<\/p>\n<p>&nbsp;<\/p>\n<p>Bankverbindung:<\/p>\n<p><a href=\"https:\/\/martin-kuettner.de\/wp-content\/uploads\/2020\/08\/RenderedImage.aspx_.png\"><noscript><img decoding=\"async\" class=\"alignnone size-full wp-image-3941\" src=\"https:\/\/martin-kuettner.de\/wp-content\/uploads\/2020\/08\/RenderedImage.aspx_.png\" alt width=\"360\" height=\"108\" srcset=\"https:\/\/martin-kuettner.de\/wp-content\/uploads\/2020\/08\/RenderedImage.aspx_.png 360w, https:\/\/martin-kuettner.de\/wp-content\/uploads\/2020\/08\/RenderedImage.aspx_-300x90.png 300w\" sizes=\"(max-width: 360px) 100vw, 360px\"><\/noscript><img decoding=\"async\" class=\"alignnone size-full wp-image-3941 lazyload\" src=\"data:image\/svg+xml,%3Csvg%20xmlns%3D%22http%3A%2F%2Fwww.w3.org%2F2000%2Fsvg%22%20viewBox%3D%220%200%20360%20108%22%3E%3C%2Fsvg%3E\" alt width=\"360\" height=\"108\" srcset=\"data:image\/svg+xml,%3Csvg%20xmlns%3D%22http%3A%2F%2Fwww.w3.org%2F2000%2Fsvg%22%20viewBox%3D%220%200%20360%20108%22%3E%3C%2Fsvg%3E 360w\" sizes=\"(max-width: 360px) 100vw, 360px\" data-srcset=\"https:\/\/martin-kuettner.de\/wp-content\/uploads\/2020\/08\/RenderedImage.aspx_.png 360w, https:\/\/martin-kuettner.de\/wp-content\/uploads\/2020\/08\/RenderedImage.aspx_-300x90.png 300w\" data-src=\"https:\/\/martin-kuettner.de\/wp-content\/uploads\/2020\/08\/RenderedImage.aspx_.png\"><\/a><\/p>\n<p>Bitte das Stichwort\/Verwendungszweck &#8222;Selene&#8220; verwenden.<\/p>\n<p><a href=\"https:\/\/martin-kuettner.de\/wp-content\/uploads\/2020\/06\/DSC_0883-scaled.jpg\"><noscript><img decoding=\"async\" class=\"alignnone wp-image-3753 size-large\" src=\"https:\/\/martin-kuettner.de\/wp-content\/uploads\/2020\/06\/DSC_0883-1024x768.jpg\" alt width=\"525\" height=\"394\" srcset=\"https:\/\/martin-kuettner.de\/wp-content\/uploads\/2020\/06\/DSC_0883-1024x768.jpg 1024w, https:\/\/martin-kuettner.de\/wp-content\/uploads\/2020\/06\/DSC_0883-300x225.jpg 300w, https:\/\/martin-kuettner.de\/wp-content\/uploads\/2020\/06\/DSC_0883-768x576.jpg 768w, https:\/\/martin-kuettner.de\/wp-content\/uploads\/2020\/06\/DSC_0883-1536x1152.jpg 1536w, https:\/\/martin-kuettner.de\/wp-content\/uploads\/2020\/06\/DSC_0883-scaled.jpg 2048w\" sizes=\"(max-width: 525px) 100vw, 525px\"><\/noscript><img decoding=\"async\" class=\"alignnone wp-image-3753 size-large lazyload\" src=\"data:image\/svg+xml,%3Csvg%20xmlns%3D%22http%3A%2F%2Fwww.w3.org%2F2000%2Fsvg%22%20viewBox%3D%220%200%20525%20394%22%3E%3C%2Fsvg%3E\" alt width=\"525\" height=\"394\" srcset=\"data:image\/svg+xml,%3Csvg%20xmlns%3D%22http%3A%2F%2Fwww.w3.org%2F2000%2Fsvg%22%20viewBox%3D%220%200%20525%20394%22%3E%3C%2Fsvg%3E 525w\" sizes=\"(max-width: 525px) 100vw, 525px\" data-srcset=\"https:\/\/martin-kuettner.de\/wp-content\/uploads\/2020\/06\/DSC_0883-1024x768.jpg 1024w, https:\/\/martin-kuettner.de\/wp-content\/uploads\/2020\/06\/DSC_0883-300x225.jpg 300w, https:\/\/martin-kuettner.de\/wp-content\/uploads\/2020\/06\/DSC_0883-768x576.jpg 768w, https:\/\/martin-kuettner.de\/wp-content\/uploads\/2020\/06\/DSC_0883-1536x1152.jpg 1536w, https:\/\/martin-kuettner.de\/wp-content\/uploads\/2020\/06\/DSC_0883-scaled.jpg 2048w\" data-src=\"https:\/\/martin-kuettner.de\/wp-content\/uploads\/2020\/06\/DSC_0883-1024x768.jpg\"><\/a><\/p>\n<p>Viele Gr\u00fc\u00dfe und herzlichen Dank im Voraus<\/p>\n<p><span style=\"font-size: 1rem;\">Martin &amp; Selene&nbsp;<\/span><\/p>\n","protected":false},"excerpt":{"rendered":"<p>Falls mich jemand unterst\u00fctzen m\u00f6chte: Paypal: [wpedon id=&#8220;3933&#8243; align=&#8220;left&#8220;] &nbsp; &nbsp; &nbsp; &nbsp; Bankverbindung: Bitte das Stichwort\/Verwendungszweck &#8222;Selene&#8220; verwenden. Viele Gr\u00fc\u00dfe und herzlichen Dank im Voraus Martin &amp; Selene&nbsp;<\/p>\n","protected":false},"author":1,"featured_media":0,"parent":0,"menu_order":0,"comment_status":"closed","ping_status":"closed","template":"","meta":{"footnotes":""},"class_list":["post-3932","page","type-page","status-publish","hentry"],"post_mailing_queue_ids":[],"_links":{"self":[{"href":"https:\/\/martin-kuettner.de\/index.php?rest_route=\/wp\/v2\/pages\/3932","targetHints":{"allow":["GET"]}}],"collection":[{"href":"https:\/\/martin-kuettner.de\/index.php?rest_route=\/wp\/v2\/pages"}],"about":[{"href":"https:\/\/martin-kuettner.de\/index.php?rest_route=\/wp\/v2\/types\/page"}],"author":[{"embeddable":true,"href":"https:\/\/martin-kuettner.de\/index.php?rest_route=\/wp\/v2\/users\/1"}],"replies":[{"embeddable":true,"href":"https:\/\/martin-kuettner.de\/index.php?rest_route=%2Fwp%2Fv2%2Fcomments&post=3932"}],"version-history":[{"count":24,"href":"https:\/\/martin-kuettner.de\/index.php?rest_route=\/wp\/v2\/pages\/3932\/revisions"}],"predecessor-version":[{"id":5821,"href":"https:\/\/martin-kuettner.de\/index.php?rest_route=\/wp\/v2\/pages\/3932\/revisions\/5821"}],"wp:attachment":[{"href":"https:\/\/martin-kuettner.de\/index.php?rest_route=%2Fwp%2Fv2%2Fmedia&parent=3932"}],"curies":[{"name":"wp","href":"https:\/\/api.w.org\/{rel}","templated":true}]}}